 42.
14
Calculate the greatest common divisor of 32 and 328.
8
Calculate the greatest common divisor of 14 and 5999.
7
Calculate the greatest common divisor of 545 and 20.
5
Calculate the greatest common factor of 630 and 18.
18
Calculate the highest common divisor of 13312 and 192.
64
Calculate the greatest common divisor of 164 and 2.
2
What is the highest common divisor of 174 and 1711?
29
What is the greatest common divisor of 1272 and 8586?
318
Calculate the greatest common factor of 4788 and 42.
42
What is the greatest common factor of 105 and 2625?
105
What is the greatest common divisor of 97156 and 428?
428
Calculate the highest common divisor of 2960 and 80.
80
What is the highest common divisor of 335 and 268?
67
What is the greatest common factor of 850 and 68?
34
Calculate the greatest common divisor of 1394 and 34.
34
What is the greatest common factor of 11 and 187?
11
What is the greatest common factor of 355 and 45?
5
What is the greatest common divisor of 11 and 31?
1
Calculate the highest common divisor of 1211 and 7.
7
Calculate the highest common factor of 8150 and 150.
50
What is the greatest common divisor of 366 and 23546?
122
What is the greatest common divisor of 9 and 531?
9
Calculate the highest common factor of 8 and 24392.
8
Calculate the highest common divisor of 1007 and 38.
19
What is the greatest common factor of 4302 and 36?
18
What is the greatest common factor of 182 and 168?
14
Calculate the highest common divisor of 4114 and 34.
34
What is the greatest common factor of 112 and 1168?
16
What is the highest common factor of 96 and 1024?
32
What is the highest common divisor of 42 and 1064?
14
Calculate the highest common divisor of 19 and 19969.
19
What is the greatest common divisor of 1720 and 80?
40
What is the highest common divisor of 258 and 12556?
86
Calculate the greatest common divisor of 3834 and 142.
142
What is the greatest common factor of 3 and 157?
1
Calculate the highest common factor of 388 and 8.
4
Calculate the greatest common divisor of 42 and 357.
21
What is the greatest common factor of 7163 and 114?
19
What is the highest common factor of 370 and 2146?
74
Calculate the greatest common divisor of 28 and 2044.
28
What is the greatest common divisor of 385 and 77?
77
What is the greatest common factor of 26 and 13234?
26
What is the greatest common divisor of 51 and 459?
51
Calculate the greatest common factor of 3 and 3.
3
Calculate the highest common divisor of 18 and 342.
18
What is the highest common factor of 116 and 9222?
58
Calculate the greatest common divisor of 72 and 85464.
72
Calculate the highest common divisor of 2 and 62.
2
What is the highest common factor of 22 and 55?
11
Calculate the highest common factor of 3759 and 21.
21
What is the greatest common factor of 694 and 2?
2
Calculate the highest common divisor of 1264 and 16.
16
Calculate the greatest common divisor of 616 and 1496.
88
What is the greatest common divisor of 18 and 477?
9
What is the highest common factor of 3 and 15?
3
Calculate the greatest common factor of 50 and 90.
10
Calculate the greatest common divisor of 24 and 392.
8
Calculate the highest common factor of 22 and 16918.
22
Calculate the highest common divisor of 93 and 62.
31
Calculate the highest common factor of 216 and 468.
36
What is the greatest common factor of 266 and 3591?
133
What is the greatest common divisor of 7564 and 366?
122
What is the highest common divisor of 392 and 56?
56
What is the highest common divisor of 145 and 87?
29
Calculate the greatest common factor of 120 and 405.
15
Calculate the greatest common divisor of 324 and 54.
54
What is the highest common divisor of 105 and 2835?
105
What is the greatest common divisor of 100 and 15?
5
Calculate the highest common divisor of 10 and 1930.
10
What is the highest common factor of 1875 and 33?
3
Calculate the greatest common divisor of 24265 and 422.
211
Calculate the greatest common factor of 22 and 572.
22
Calculate the highest common divisor of 2 and 242.
2
Calculate the greatest common divisor of 20 and 384.
4
Calculate the highest common factor of 1664 and 16.
16
What is the highest common divisor of 11 and 4?
1
What is the greatest common factor of 148 and 4?
4
Calculate the greatest common factor of 105 and 30.
15
What is the highest common factor of 304 and 136?
8
What is the highest common factor of 37 and 148?
37
Calculate the highest common divisor of 1064 and 304.
152
Calculate the greatest common factor of 665 and 133.
133
Calculate the greatest common divisor of 8338 and 22.
22
What is the greatest common factor of 20933 and 173?
173
What is the highest common divisor of 10879 and 44?
11
What is the highest common divisor of 4480 and 70?
70
What is the greatest common divisor of 752 and 32?
16
Calculate the highest common factor of 3432 and 704.
88
What is the highest common divisor of 658 and 35?
7
What is the highest common divisor of 33 and 1914?
33
Calculate the greatest common divisor of 69 and 24.
3
What is the greatest common factor of 65 and 10?
5
Calculate the highest common factor of 59 and 6077.
59
Calculate the greatest common factor of 105 and 6405.
105
What is the highest common divisor of 2320 and 160?
80
Calculate the greatest common factor of 68 and 986.
34
Calculate the greatest common divisor of 304 and 26.
2
What is the highest common factor of 67919 and 23?
23
Calculate the highest common divisor of 7 and 31633.
7
Calculate the highest common factor of 56 and 2800.
56
Calculate the highest common divisor of 12 and 262.
2
What is the greatest common factor of 19783 and 1355?
271
What is the highest common factor of 493 and 87?
29
Calculate the highest common divisor of 72 and 108.
36
Calculate the highest common factor of 85 and 85.
85
What is the highest common factor of 21 and 31808?
7
Calculate the highest common factor of 374 and 22.
22
What is the highest common divisor of 378 and 216?
54
Calculate the greatest common divisor of 624 and 960.
48
What is the greatest common factor of 2698 and 38?
38
What is the greatest common divisor of 19832 and 134?
134
What is the highest common factor of 323 and 19?
19
Calculate the greatest common factor of 222 and 592.
74
What is the highest common divisor of 19044 and 72?
36
Calculate the highest common factor of 15 and 117.
3
Calculate the highest common factor of 10548 and 18.
18
Calculate the greatest common divisor of 3104 and 1746.
194
Calculate the highest common divisor of 15 and 135.
15
What is the greatest common factor of 19 and 1387?
19
Calculate the highest common factor of 8197 and 7.
7
Calculate the greatest common factor of 21 and 203.
7
Calculate the greatest common factor of 10 and 405.
5
What is the highest common factor of 307 and 6?
1
What is the greatest common divisor of 30 and 570?
30
What is the greatest common factor of 38223 and 274?
137
Calculate the greatest common factor of 60 and 255.
15
What is the highest common divisor of 3730 and 10?
10
Calculate the highest common divisor of 536 and 1206.
134
Calculate the highest common factor of 70 and 1610.
70
What is the greatest common factor of 33 and 154?
11
Calculate the highest common factor of 258 and 2451.
129
Calculate the greatest common divisor of 15 and 720.
15
Calculate the greatest common divisor of 2765 and 35.
35
Calculate the greatest common divisor of 4279 and 11.
11
Calculate the greatest common factor of 4 and 44.
4
What is the greatest common divisor of 2 and 34?
2
What is the highest common divisor of 8 and 46?
2
What is the greatest common factor of 162 and 36?
18
Calculate the highest common divisor of 475 and 19.
19
What is the highest common divisor of 51858 and 67?
67
What is the highest common divisor of 46 and 1334?
46
Calculate the greatest common factor of 36 and 117.
9
Calculate the greatest common divisor of 1065 and 270.
15
Calculate the greatest common factor of 444 and 20.
4
Calculate the highest common factor of 5 and 160.
5
What is the highest common divisor of 442 and 78?
26
What is the highest common divisor of 235 and 20?
5
Calculate the highest common factor of 1550 and 186.
62
Calculate the greatest common divisor of 15 and 21.
3
Calculate the highest common divisor of 546 and 